{"id":10,"date":"2022-11-23T15:33:47","date_gmt":"2022-11-23T15:33:47","guid":{"rendered":"http:\/\/area-box.fr\/?page_id=10"},"modified":"2025-11-14T09:26:23","modified_gmt":"2025-11-14T09:26:23","slug":"area-project-2","status":"publish","type":"page","link":"https:\/\/area-project.fr\/","title":{"rendered":"AREA PROJECT"},"content":{"rendered":"\n\n\t\t\t\t<img decoding=\"async\" src=\"https:\/\/area-project.fr\/wp-content\/uploads\/2025\/11\/ARTISAN-ATELIER-BRAMS-BY-AREA-PROJECT-copie.jpg\" alt=\"ARTISAN ATELIER BRAMS BY AREA PROJECT copie\" itemprop=\"image\" height=\"821\" width=\"667\" title=\"ARTISAN ATELIER BRAMS BY AREA PROJECT copie\" onerror=\"this.style.display='none'\" loading=\"lazy\" \/>\n\t\t<h2>\n\t\t\tQUI SOMMES NOUS ?\n\t\t<\/h2>\n\t<p>AREA PROJECT perp\u00e9tue la tradition de l&#8217;artisanat haut de gamme en se consacrant \u00e0 la conception de mobilier et d&#8217;am\u00e9nagements sur mesure.<\/p>\nAu c\u0153ur de l&#8217;identit\u00e9 d&#8217;AREA PROJECT r\u00e9side une conviction profonde :<br \/>\nle futur du luxe ne se con\u00e7oit pas sans la ma\u00eetrise de son pass\u00e9.<br \/>\nLe savoir-faire de l&#8217;entreprise n&#8217;est pas une simple ex\u00e9cution, c&#8217;est un dialogue permanent entre l&#8217;h\u00e9ritage de l&#8217;artisanat d&#8217;art et les exigences de la modernit\u00e9.\n<p>C&#8217;est au sein de l&#8217;ATELIER BRAMS by AREA PROJECT que s&#8217;op\u00e8re une synergie entre architectes, designers, artisans d&#8217;art, coloristes, tapissiers et peintres d\u00e9co. De cette collaboration naissent des pi\u00e8ces uniques, o\u00f9 le design novateur rencontre la noblesse des mat\u00e9riaux et la perfection des finitions.<\/p>\n<p><strong><a href=\"http:\/\/www.atelier-brams.com\">www.atelier-brams.com<\/a><\/strong><\/p>\n\t\t<h2>\n\t\t\tNOTRE PHILOSOPHIE\n\t\t<\/h2>\n\tLa m\u00e9thode AREA PROJECT repose sur une philosophie centrale :<br \/>\nl&#8217;\u00e9coute pour mieux sublimer. L&#8217;excellence de chaque r\u00e9alisation commence par un dialogue attentif, une \u00e9coute profonde des besoins et des inspirations.<br \/>\nQue l&#8217;interlocuteur soit un architecte d\u00e9finissant un concept, un designer explorant une esth\u00e9tique ou un particulier partageant une vision intime, notre r\u00f4le premier est de saisir l&#8217;essence pure de leur intention.\nUne fois cette vision partag\u00e9e, notre savoir-faire s&#8217;exprime par la sublimation. AREA PROJECT ne se contente pas d&#8217;ex\u00e9cuter ; nous aidons \u00e0 formaliser les id\u00e9es, puis nous les transformons en une r\u00e9alit\u00e9 tangible qui d\u00e9passe l&#8217;attente.<br \/>\nEn alliant design intemporel, mat\u00e9riaux nobles et finitions d&#8217;exception, nous \u00e9levons le concept initial pour lui donner forme et caract\u00e8re.\nC&#8217;est de ce processus collaboratif que naissent des \u0153uvres uniques.<br \/>\nCette ma\u00eetrise nous permet d&#8217;intervenir sur des cr\u00e9ations contemporaines audacieuses comme sur la restauration de pi\u00e8ces patrimoniales.\n\t\t\t\t<img decoding=\"async\" src=\"https:\/\/area-project.fr\/wp-content\/uploads\/2025\/11\/AREA-BOX-HOTEL.jpg\" alt=\"Interior of luxury hotel reception hall with front desk and concrete walls\" itemprop=\"image\" height=\"667\" width=\"1000\" title=\"Interior of luxury hotel reception hall with front desk and conc\" onerror=\"this.style.display='none'\" loading=\"lazy\" \/>\n\t\t\t\t<img decoding=\"async\" src=\"https:\/\/area-project.fr\/wp-content\/uploads\/2025\/11\/ATELIER-BRAMS-CROQUIS-MEUBLE.jpg\" alt=\"Close-up view of a technical drawing of a wooden piece of furniture.  The image shows a detailed blueprint overlayed with a wood model.\" itemprop=\"image\" height=\"560\" width=\"1000\" title=\"Detailed blueprint of a wooden furniture design.\" onerror=\"this.style.display='none'\" loading=\"lazy\" \/>\n\t\t<h2>\n\t\t\tSAVOIR FAIRE\n\t\t<\/h2>\n\t<p>Le savoir-faire d&#8217;AREA PROJECT en mati\u00e8re d&#8217;artisanat de luxe s&#8217;exprime pleinement dans les espaces professionnels, o\u00f9 l&#8217;am\u00e9nagement sur mesure devient le vecteur de l&#8217;identit\u00e9 d&#8217;une marque.<\/p>\n<p>Dans l&#8217;h\u00f4tellerie et la restauration haut de gamme. Il mat\u00e9rialise une exp\u00e9rience client exclusive en concevant des halls d&#8217;accueil spectaculaires, des suites &#8220;signature&#8221;, ou des comptoirs de bar et agencements qui cr\u00e9ent une ambiance immersive.<\/p>\n<p>Pour les entreprises, les bureaux et espaces de r\u00e9ception incarnent leur statut. AREA PROJECT con\u00e7oit ainsi des environnements statutaires, comme des salles de conseil avec des tables monumentales, des bureaux de direction prestigieux .<\/p>\n<p>Dans le cadre de r\u00e9sidences priv\u00e9es, AREA PROJECT traduit la vision personnelle des propri\u00e9taires en am\u00e9nagements int\u00e9rieurs uniques. Qu&#8217;il s&#8217;agisse de dressings sophistiqu\u00e9s, de biblioth\u00e8ques int\u00e9gr\u00e9es, de pi\u00e8ces de mobilier ma\u00eetresses, chaque cr\u00e9ation est con\u00e7ue avec le m\u00eame soin du d\u00e9tail et la m\u00eame qualit\u00e9 d&#8217;ex\u00e9cution.<\/p>\n\t\t<h2>\n\t\t\tMATERIAUX D&#8217;EXCEPTION\n\t\t<\/h2>\n\t<p>La signature d&#8217;AREA PROJECT repose sur une s\u00e9lection intransigeante de mat\u00e9riaux d&#8217;exception, consid\u00e9r\u00e9s comme le fondement de toute cr\u00e9ation haut de gamme.<\/p>\n<p>Cette exigence s&#8217;applique d&#8217;abord aux bois, o\u00f9 seules les essences les plus nobles sont retenues. L&#8217;entreprise recherche des lots rares, des bois de fil exceptionnels, garantissant un rendu visuel et un toucher inimitables.<\/p>\n<p>Elle se poursuit avec les pierres, o\u00f9 les marbres, granits, onyx ou alb\u00e2tres sont choisis pour la puret\u00e9 de leur couleur et la singularit\u00e9 de leur veinage.<\/p>\n<p>Enfin, les m\u00e9taux &#8211; tels que le laiton, le bronze, l&#8217;inox ou l&#8217;acier &#8211; sont travaill\u00e9s dans la masse et sublim\u00e9s par des finitions sophistiqu\u00e9es. Qu&#8217;il s&#8217;agisse de patines profondes, de brossages manuels ou de polissages miroir.<\/p>\n<p>C&#8217;est cette alliance de mat\u00e9riaux rares et leur mise en \u0153uvre experte qui permettent \u00e0 AREA PROJECT de cr\u00e9er des pi\u00e8ces sur mesure \u00e0 la fois uniques et p\u00e9rennes.<\/p>\n\t\t\t\t<img decoding=\"async\" src=\"https:\/\/area-project.fr\/wp-content\/uploads\/2025\/11\/AdobeStock_82637334-scaled.jpeg\" alt=\"Marble quarry\" itemprop=\"image\" height=\"1605\" width=\"2560\" title=\"Marble quarry\" onerror=\"this.style.display='none'\" loading=\"lazy\" \/>\n<h2>\n\t\t\tNOTRE SIGNATURE\t<\/h2>\n\t\t\t\t<img decoding=\"async\" src=\"https:\/\/area-project.fr\/wp-content\/uploads\/2025\/11\/ATELIER-BRAMS.svg\" alt=\"ATELIER BRAMS\" itemprop=\"image\" height=\"203\" width=\"189\" title=\"ATELIER BRAMS\" onerror=\"this.style.display='none'\" loading=\"lazy\" \/>\n\n","protected":false},"excerpt":{"rendered":"<p>QUI SOMMES NOUS ? AREA PROJECT perp\u00e9tue la tradition de l&#8217;artisanat haut de gamme en se consacrant \u00e0 la conception de mobilier et d&#8217;am\u00e9nagements sur mesure. Au c\u0153ur de l&#8217;identit\u00e9 d&#8217;AREA PROJECT r\u00e9side une conviction profonde : le futur du luxe ne se con\u00e7oit pas sans la ma\u00eetrise de son pass\u00e9. Le savoir-faire de l&#8217;entreprise&hellip;<\/p>\n","protected":false},"author":1,"featured_media":0,"parent":0,"menu_order":0,"comment_status":"closed","ping_status":"closed","template":"","meta":{"_monsterinsights_skip_tracking":false,"_monsterinsights_sitenote_active":false,"_monsterinsights_sitenote_note":"","_monsterinsights_sitenote_category":0,"footnotes":""},"class_list":["post-10","page","type-page","status-publish","hentry"],"aioseo_notices":[],"_links":{"self":[{"href":"https:\/\/area-project.fr\/index.php?rest_route=\/wp\/v2\/pages\/10","targetHints":{"allow":["GET"]}}],"collection":[{"href":"https:\/\/area-project.fr\/index.php?rest_route=\/wp\/v2\/pages"}],"about":[{"href":"https:\/\/area-project.fr\/index.php?rest_route=\/wp\/v2\/types\/page"}],"author":[{"embeddable":true,"href":"https:\/\/area-project.fr\/index.php?rest_route=\/wp\/v2\/users\/1"}],"replies":[{"embeddable":true,"href":"https:\/\/area-project.fr\/index.php?rest_route=%2Fwp%2Fv2%2Fcomments&post=10"}],"version-history":[{"count":156,"href":"https:\/\/area-project.fr\/index.php?rest_route=\/wp\/v2\/pages\/10\/revisions"}],"predecessor-version":[{"id":346,"href":"https:\/\/area-project.fr\/index.php?rest_route=\/wp\/v2\/pages\/10\/revisions\/346"}],"wp:attachment":[{"href":"https:\/\/area-project.fr\/index.php?rest_route=%2Fwp%2Fv2%2Fmedia&parent=10"}],"curies":[{"name":"wp","href":"https:\/\/api.w.org\/{rel}","templated":true}]}}